e t(2).
-249
Let k(f) = f**3 - 7*f**2 - 206*f + 1741. Give k(8).
157
Let h(m) = -224*m + 27549. Give h(123).
-3
Let t(u) = -870*u + 55684. Determine t(64).
4
Let d(c) = 2*c**2 - 242*c - 2349. What is d(-9)?
-9
Let u(z) = 6*z + 66. What is u(-14)?
-18
Let z(p) = -2*p**2 + 225*p + 3406. Determine z(126).
4
Let n(x) = -5*x**2 - 5*x + 14. Determine n(1).
4
Let n(a) = -a**2 - 33*a - 197. Calculate n(-24).
19
Let s(k) = -608*k - 3057. Calculate s(-5).
-17
Let k(p) = p**3 - 81*p**2 - 10*p + 804. Give k(81).
-6
Let v(u) = -4*u**2 - 46*u - 148. What is v(-5)?
-18
Let x(q) = 3*q + 31. Determine x(6).
49
Let q(h) = 2*h**3 + 29*h**2 + 62*h + 675. Give q(-14).
3
Let i(v) = -38*v + 806. What is i(22)?
-30
Let a(j) = 42*j**3 - 3*j**2 + 4*j - 3. Give a(1).
40
Let a(d) = 154*d + 3681. Determine a(-24).
-15
Let x(v) = -v**3 - 45*v**2 + 42*v - 93. Give x(-46).
91
Let f(q) = -q**3 - 19*q**2 - 63*q - 818. Determine f(-18).
-8
Let p(y) = -y**3 + 37*y**2 - 368*y + 521. Give p(16).
9
Let t(j) = 3*j**3 + 9*j**2 - 5*j - 16. What is t(-3)?
-1
Let n(x) = -217*x - 2611. Give n(-12).
-7
Let i(t) = t**2 + 21*t + 15. What is i(-25)?
115
Let d(f) = -67*f - 126. What is d(-2)?
8
Let w(l) = l**3 + 28*l**2 - 12*l - 2182. What is w(-25)?
-7
Let y(c) = -c**3 - 35*c**2 - 9*c + 2787. Determine y(-32).
3
Let a(x) = -2*x**3 + 58*x**2 + 7*x - 63. Determine a(29).
140
Let m(n) = -n**3 + 11*n**2 + 16*n - 180. Give m(11).
-4
Let a(k) = -31*k + 320. Give a(-7).
537
Let u(v) = -811*v + 8187. What is u(10)?
77
Let x(l) = l**2 - 50*l + 265. What is x(22)?
-351
Let x(s) = 1288*s - 6433. What is x(5)?
7
Let z(k) = -k**3 + 16*k**2 - 58*k + 48. What is z(12)?
-72
Let t(n) = 162*n + 163. Determine t(-1).
1
Let i(s) = s**3 + 7*s**2 - 42*s + 30. Calculate i(-11).
8
Let o(s) = -288*s + 5093. Calculate o(17).
197
Let f(g) = -569*g + 1138. What is f(2)?
0
Let h(d) = -29*d - 70. Determine h(-2).
-12
Let z(k) = -k**3 - 12*k**2 + 30*k + 56. Give z(-14).
28
Let p(h) = -173*h - 916. Determine p(-6).
122
Let g(t) = -57*t + 1521. Give g(32).
-303
Let b(y) = -3*y**2 - 21*y - 41. Determine b(-2).
-11
Let b(p) = p**3 + 2*p**2 - 7*p - 28. Determine b(3).
-4
Let h(k) = -19*k - 10. Determine h(0).
-10
Let q(c) = c**2 + 122*c - 363. Determine q(3).
12
Let f(h) = 7*h**2 - 7*h + 4. What is f(2)?
18
Let t(p) = p**3 - 17*p**2 + 73*p - 10. Determine t(9).
-1
Let x(s) = s**3 + 45*s**2 - 6*s - 542. What is x(-45)?
-272
Let p(k) = -k**2 - 186*k - 5. What is p(-186)?
-5
Let i(u) = 6*u**2 - 10*u + 5. Give i(4).
61
Let a(b) = -b**2 + 189*b - 3082. Calculate a(18).
-4
Let y(l) = l - 44. What is y(12)?
-32
Let z(p) = -328*p + 39361. Determine z(120).
1
Let d(w) = -3*w**2 - 73*w + 7084. Calculate d(38).
-22
Let q(o) = o**3 + 12*o**2 - 5*o + 12. Calculate q(-10).
262
Let o(m) = 476*m + 9526. Calculate o(-20).
6
Let k(z) = -z**2 - 31*z + 58. Give k(-29).
116
Let w(y) = 59*y - 63. Calculate w(0).
-63
Let j(m) = 802*m + 238189. What is j(-297)?
-5
Let v(j) = -j**2 + 27*j + 159. Calculate v(31).
35
Let p(g) = g**3 + 20*g**2 + 128*g - 3. Calculate p(-9).
-264
Let n(a) = a**2 - 30*a + 150. Give n(6).
6
Let u(a) = 8*a**2 - 1123*a + 2620. Give u(138).
-2
Let i(q) = -77*q**2 + 6*q + 3. What is i(-1)?
-80
Let g(l) = 13*l**2 + 189*l + 188. Give g(-1).
12
Let m(j) = -17527*j - 70113. Calculate m(-4).
-5
Let s(b) = -17*b - 131. Calculate s(28).
-607
Let a(z) = 2*z**2 - 654*z - 1979. Calculate a(-3).
1
Let j(u) = u**3 - 59*u**2 + 259*u - 2165. Determine j(55).
-20
Let q(j) = 54*j + 499. Calculate q(-8).
67
Let g(s) = -1876*s + 26271. Determine g(14).
7
Let y(f) = -251*f + 1992. Give y(8).
-16
Let t(d) = 178*d + 31854. Determine t(-179).
-8
Let q(w) = 4*w**2 + 23*w + 1. Give q(-11).
232
Let q(j) = j**3 - 159*j - 200. Determine q(13).
-70
Let d(q) = -q**2 - 111*q - 550. What is d(-5)?
-20
Let t(s) = -7*s**3 - 25*s**2 + 72*s + 22. What is t(3)?
-176
Let k(x) = -x**2 + 13*x + 65. What is k(-5)?
-25
Let f(k) = 8*k + 299. Calculate f(-14).
187
Let c(i) = -i**2 + 107*i + 7. Calculate c(0).
7
Let t(d) = -d**2 + 419*d + 15905. What is t(-35)?
15
Let z(a) = -7*a + 209. Give z(29).
6
Let i(a) = -a**3 + 2*a**2 - 5*a + 84. Give i(0).
84
Let q(v) = -9*v**2 - 36*v + 33. What is q(1)?
-12
Let u(z) = z**3 - 16*z**2 + 71*z - 56. What is u(8)?
0
Let i(f) = -20*f**2 - 13*f + 230. What is i(-4)?
-38
Let g(v) = -v**3 - 10*v**2 + 404*v + 4. Calculate g(16).
-188
Let j(q) = 2*q**2 + 532*q - 24484. What is j(-306)?
-4
Let b(k) = k**3 - 13*k**2 + 25*k - 284. What is b(13)?
41
Let a(p) = 15*p + 357. Give a(-25).
-18
Let i(z) = -57*z**3 + 9*z**2 + 8*z - 18. Calculate i(1).
-58
Let y(z) = -8*z**2 + 481*z + 13529. Give y(81).
2
Let v(k) = -48*k + 482. Calculate v(10).
2
Let l(b) = b**2 + 12*b - 1119. Calculate l(28).
1
Let c(d) = -d**3 + 15*d**2 - 12*d - 14. Determine c(14).
14
Let w(n) = 9*n**2 + 42*n - 46. Calculate w(-5).
-31
Let m(o) = -2*o**2 - 128*o + 271. Calculate m(2).
7
Let b(i) = 11048*i - 77316. Determine b(7).
20
Let c(v) = 74*v + 147. Give c(-2).
-1
Let a(f) = f**3 + 33*f**2 + 172*f + 120. What is a(-27)?
-150
Let y(g) = -g**3 + 34*g**2 + 3*g - 99. Calculate y(34).
3
Let j(r) = 9*r**2 + 42*r + 5. Give j(-7).
152
Let z(d) = -13*d**2 + 6*d + 15. Calculate z(3).
-84
Let q(l) = -150*l + 141. What is q(1)?
-9
Let m(c) = -c**3 + 172*c**2 + 1240*c + 2329. Give m(179).
2
Let a(w) = -8*w**2 + 16*w + 5. What is a(-1)?
-19
Let g(t) = -t - 4. Calculate g(-13).
9
Let y(p) = p**3 - 6*p**2 + 8*p - 45. Calculate y(6).
3
Let f(p) = -50*p - 8. Calculate f(-4).
192
Let h(c) = -28*c + 906. What is h(26)?
178
Let w(z) = -58*z - 893. Determine w(-15).
-23
Let x(m) = -414*m - 3737. Determine x(-9).
-11
Let q(p) = 50*p**2 + 1308*p + 118. Determine q(-26).
-90
Let w(n) = -4*n**2 - 267*n + 64. Determine w(-66).
262
Let f(x) = -2*x**2 + 19*x + 500. Give f(-13).
-85
Let b(u) = u**3 - 7*u**2 + 140*u - 414. Give b(3).
-30
Let l(a) = -1517*a + 75852. What is l(50)?
2
Let j(y) = -237*y + 4179. What is j(18)?
-87
Let d(l) = 19*l - 1149. What is d(59)?
-28
Let r(g) = -g**2 - 66*g + 4681. Give r(43).
-6
Let g(t) = t**3 + t**2 - 4*t + 78. Determine g(4).
142
Let j(s) = 4*s**2 + 275*s + 2487. What is j(-10)?
137
Let h(b) = 286*b + 3426. What is h(-12)?
-6
Let k(t) = t**3 - 13*t**2 - 16*t - 223. What is k(15)?
-13
Let a(u) = 37*u**2 - 12*u + 7. Calculate a(1).
32
Let i(k) = -2*k**3 - 150*k**2 - 2*k - 147. Determine i(-75).
3
Let t(s) = -121*s**2 + 1092*s - 27. Give t(9).
0
Let b(j) = 4*j**2 + 43*j - 16. Give b(-11).
-5
Let a(l) = -4*l**2 + 375*l + 421. What is a(95)?
-54
Let v(k) = -k**3 - 10*k**2 + 4*k + 154. Give v(-8).
-6
Let j(r) = 36*r - 1225. Determine j(34).
-1
Let u(n) = -n**2 - 10*n - 94. Determine u(-11).
-105
Let t(l) = 6*l**3 - 14*l**2 + 22*l - 38. Determine t(2).
-2
Let y(a) = -372*a**2 + 21*a + 15. Give y(-1).
-378
Let t(y) = 9*y - 94. What is t(38)?
248
Let o(t) = t**3 - 32*t + 64. Calculate o(4).
0
Let a(d) = -308*d - 3381. Give a(-11).
7
Let m(f) = f**3 - 33*f**2 - 65*f + 75. What is m(35)?
250
Let v(m) = m**3 + 56*m**2 + 777*m + 76. Give v(-31).
14
Let u(z) = z**2 + 92*z + 265. Give u(-89).
-2
Let c(p) = 21*p**2 - 28*p + 91. Give c(5).
476
Let h(s) = -s**3 + 5*s**2 - 4*s - 19. Give h(5).
-39
Let u(r) = 4*r**2 - 177*r + 286. Determine u(41).
-247
Let s(b) = -b**2 + 17*b - 79. Determine s(9).
-7
Let v(h) = -7*h + 164. Give v(24).
-4
Let h(d) = -13*d - 8. Determine h(-25).
317
Let s(x) = 112*x**2 - 307*x + 7. What is s(3)?
94
Let l(q) = -847*q**2 + 16098*q - 102. What is l(19)?
-7
Let c(t) = -t**3 - 3*t**2 - 13. Give c(-4).
3
Let j(y) = -33*y - 9. Give j(-5).
156
Let u(a) = 6*a**2 + 22*a - 32. Give u(4).
152
Let h(w) = 2*w**2 + 6128*w + 85395. Give h(-14).
-5
Let h(p) = -15*p - 215. Determine h(-9).
-80
Let f(g) = 2*g**3 - 14*g**2 - 1350*g + 11831. Give f(9).
5
Let n(m) = 56*m**2 + 12*m + 39. Determine n(-3).
507
Let n(t) = 8*t + 84. What is n(13)?
188
Let q(y) = y**2 - 9*y - 55. Calculate q(-10).
135
Let z(l) = -139*l + 6949. What is z(50)?
-1
Let n(u) = -723*u + 15209. What is n(21)?
26
Let z(s) = -s**3 + 133*s**2 + 407*s + 283. Calculate z(136).
147
Let t(g) = -3*g**3 + 24*g**2 - 3*g - 34. Calculate t(7).
92
Let k(j) = 548*j - 2182. Determine k(4).
10
Let b(j) = -353*j - 3476. Calculate b(-10).
54
Let y(t) = -16*t**2 - 112*t - 8. Determine y(-4).
184
Let a(h) = 2*h**3 - 45*h